 of 11979549?
3, 443687
What are the prime factors of 143918?
2, 227, 317
List the prime factors of 590389.
590389
List the prime factors of 1248215.
5, 31, 8053
What are the prime factors of 932248?
2, 116531
What are the prime factors of 4423381?
4423381
What are the prime factors of 3917010?
2, 3, 5, 59, 2213
What are the prime factors of 14544670?
2, 5, 7, 29683
What are the prime factors of 13583?
17, 47
What are the prime factors of 519318?
2, 3, 59, 163
What are the prime factors of 6988751?
7, 11, 17, 19, 281
What are the prime factors of 3816321?
3, 19, 23, 41, 71
List the prime factors of 80848.
2, 31, 163
What are the prime factors of 4941429?
3, 853, 1931
List the prime factors of 191273.
19, 10067
What are the prime factors of 1395783?
3, 155087
List the prime factors of 1137165.
3, 5, 47, 1613
What are the prime factors of 690253?
23, 30011
List the prime factors of 8384620.
2, 5, 419231
What are the prime factors of 7582873?
7582873
What are the prime factors of 60159?
3, 11, 1823
What are the prime factors of 756713?
19, 39827
What are the prime factors of 6805144?
2, 383, 2221
What are the prime factors of 243885?
3, 5, 71, 229
List the prime factors of 230622.
2, 3, 7, 17, 19
What are the prime factors of 170074?
2, 85037
List the prime factors of 13529749.
47, 287867
What are the prime factors of 3992583?
3, 7, 31, 6133
What are the prime factors of 7952625?
3, 5, 7069
List the prime factors of 163423.
13, 967
List the prime factors of 1041363.
3, 38569
What are the prime factors of 402718?
2, 201359
What are the prime factors of 956765?
5, 191353
List the prime factors of 2143181.
19, 112799
List the prime factors of 15883142.
2, 11, 721961
List the prime factors of 1730283.
3, 673, 857
List the prime factors of 4608025.
5, 184321
List the prime factors of 254384.
2, 13, 1223
List the prime factors of 370303.
367, 1009
List the prime factors of 5608495.
5, 1121699
List the prime factors of 155039.
197, 787
List the prime factors of 979909.
7, 139987
List the prime factors of 2376383.
23, 277, 373
What are the prime factors of 5411052?
2, 3, 29, 71, 73
List the prime factors of 15171210.
2, 3, 5, 101, 1669
List the prime factors of 344636.
2, 29, 2971
List the prime factors of 2743523.
2743523
List the prime factors of 1748788.
2, 53, 73, 113
List the prime factors of 13071874.
2, 2447, 2671
What are the prime factors of 5198724?
2, 3, 144409
What are the prime factors of 28771198?
2, 73, 197063
What are the prime factors of 961831?
13, 241, 307
List the prime factors of 367653.
3, 11, 13, 857
List the prime factors of 308313.
3, 19, 601
What are the prime factors of 74437?
11, 67, 101
List the prime factors of 13025.
5, 521
List the prime factors of 6281706.
2, 3, 1046951
List the prime factors of 530942.
2, 265471
What are the prime factors of 227992?
2, 28499
List the prime factors of 592107.
3, 197369
List the prime factors of 20646433.
23, 897671
What are the prime factors of 385341?
3, 11, 11677
What are the prime factors of 224933?
43, 5231
List the prime factors of 289600.
2, 5, 181
What are the prime factors of 589577?
17, 79, 439
What are the prime factors of 2006860?
2, 5, 100343
List the prime factors of 1131757.
11, 137, 751
What are the prime factors of 110789?
7, 17, 19
List the prime factors of 35966.
2, 7, 367
List the prime factors of 213100.
2, 5, 2131
What are the prime factors of 614075?
5, 7, 11, 29
What are the prime factors of 253565?
5, 13, 47, 83
What are the prime factors of 95635?
5, 31, 617
What are the prime factors of 760627?
7, 19, 43
List the prime factors of 28163202.
2, 3, 109, 43063
What are the prime factors of 3146288?
2, 196643
What are the prime factors of 484938?
2, 3, 29, 929
What are the prime factors of 3659604?
2, 3, 13, 23459
What are the prime factors of 670195?
5, 134039
List the prime factors of 2042344.
2, 59, 4327
List the prime factors of 1295067.
3, 41, 10529
What are the prime factors of 505689?
3, 59, 2857
List the prime factors of 667186.
2, 13, 67, 383
List the prime factors of 439370.
2, 5, 53, 829
What are the prime factors of 7068407?
521, 13567
List the prime factors of 2657723.
31, 85733
List the prime factors of 27897528.
2, 3, 23, 50539
What are the prime factors of 1847789?
1847789
What are the prime factors of 1698271?
1698271
What are the prime factors of 3082039?
71, 83, 523
What are the prime factors of 72950?
2, 5, 1459
What are the prime factors of 804139?
7, 16411
What are the prime factors of 595554?
2, 3, 99259
What are the prime factors of 3913722?
2, 3, 217429
List the prime factors of 134753.
134753
What are the prime factors of 4942265?
5, 988453
List the prime factors of 11920361.
2791, 4271
What are the prime factors of 2141020?
2, 5, 7, 41, 373
List the prime factors of 1088213.
7, 83, 1873
List the prime factors of 21969039.
3, 7323013
List the prime factors of 132763.
132763
What are the prime factors of 768390?
2, 3, 5, 7, 3659
List the prime factors of 969631.
13, 74587
List the prime factors of 6055751.
13, 29, 16063
What are the prime factors of 6226025?
5, 13, 19157
List the prime factors of 112101.
3, 11, 43, 79
List the prime factors of 10501195.
5, 2100239
What are the prime factors of 2822637?
3, 940879
What are the prime factors of 457628?
2, 114407
List the prime factors of 17255930.
2, 5, 1725593
List the prime factors of 10982871.
3, 45197
What are the prime factors of 6705776?
2, 7, 11, 5443
What are the prime factors of 20774526?
2, 3, 31, 61, 1831
List the prime factors of 3484877.
11, 41, 7727
What are the prime factors of 22782465?
3, 5, 17, 1103
What are the prime factors of 3986078?
2, 1993039
What are the prime factors of 247760?
2, 5, 19, 163
What are the prime factors of 630507?
3, 210169
What are the prime factors of 545237?
7, 11, 73, 97
What are the prime factors of 85383?
3, 53, 179
What are the prime factors of 53382?
2, 3, 7, 31, 41
What are the prime factors of 21703641?
3, 7234547
What are the prime factors of 1998822?
2, 3, 7, 47591
What are the prime factors of 882505?
5, 13, 13577
List the prime factors of 4984148.
2, 13, 73, 101
What are the prime factors of 139902?
2, 3, 7, 3331
What are the prime factors of 1573099?
11, 83, 1723
List the prime factors of 220709.
220709
What are the prime factors of 5828955?
3, 5, 11, 35327
List the prime factors of 185753.
185753
List the prime factors of 18636201.
3, 281, 7369
What are the prime factors of 3223426?
2, 19, 84827
What are the prime factors of 2309377?
7, 173, 1907
What are the prime factors of 329913?
3, 4073
List the prime factors of 5037230.
2, 5, 11, 23, 181
List the prime factors of 4962960.
2, 3, 5, 61, 113
What are the prime factors of 229951?
227, 1013
List the prime factors of 2975737.
127, 23431
List the prime factors of 3015249.
3, 769, 1307
What are the prime factors of 5192606?
2, 2596303
What are the prime factors of 689211?
3, 76579
What are the prime factors of 11129777?
701, 15877
What are the prime factors of 197056?
2, 3079
List the prime factors of 234372.
2, 3, 19531
What are the prime factors of 208237?
53, 3929
What are the prime factors of 717986?
2, 358993
List the prime factors of 2751486.
2, 3, 499, 919
What are the prime factors of 166433?
149, 1117
What are the prime factors of 10194112?
2, 47, 3389
What are the prime factors of 329644?
2, 7, 61, 193
List the prime factors of 1566396.
2, 3, 13, 3347
What are the prime factors of 12180787?
12180787
List the prime factors of 140517.
3, 13, 1201
What are the prime factors of 196503?
3, 17, 3853
List the prime factors of 3057965.
5, 23, 26591
List the prime factors of 4465.
5, 19, 47
List the prime factors of 3564344.
2, 7, 63649
List the prime factors of 13845432.
2, 3, 281, 2053
List the prime factors of 2005010.
2, 5, 7, 28643
List the prime factors of 3378763.
3378763
List the prime factors of 27920.
2, 5, 349
What are the prime factors of 231014?
2, 7, 29, 569
List the prime factors of 2322110.
2, 5, 7, 677
List the prime factors of 7060701.
3, 23, 102329
What are the prime factors of 124480?
2, 5, 389
What are the prime factors of 1877188?
2, 89, 5273
What are the prime factors of 19788382?
2, 29, 341179
What are the prime factors of 640957?
640957
List the prime factors of